(0 - (-24)/20)/(18/20250). Calculate the greatest common factor of f and 90.
90
Suppose -5*w = 3*d - 272, -41 - 47 = -d - w. Suppose 3*y - 117 = 3*h, -3*y + 37 = -h - d. What is the highest common divisor of 123 and y?
41
Let u(n) = -33*n + 18. Suppose 0*m - 2 = 2*m - 4*h, 5*m + 20 = -5*h. Let o be u(m). Calculate the highest common factor of o and 9.
9
Suppose -7*u = -u - 216. Suppose 5*l = l + u. Calculate the highest common factor of l and 18.
9
Let u(s) = s**2 - 14*s - 59. Let h be u(-5). Suppose 6 + 6 = g. What is the greatest common factor of g and h?
12
Suppose 13*h = 6*h + 14. Suppose -4*l - s - s - 28 = 0, 4 = -h*s. Let p be 6*(-3)/l + 1. Calculate the greatest common divisor of 24 and p.
4
Let n be (-4)/1 + (3 - 7*-25). Suppose -4*r = x - 425, 2*x + n = -5*r + 709. Calculate the greatest common factor of 30 and r.
15
Let m be (-5597)/(-174) - (-4)/(-24). Calculate the greatest common factor of 656 and m.
16
Suppose -5*z + 140 = -5*n, 53 = 2*z - 0*z - 5*n. Let m = -1080 - -1254. What is the greatest common divisor of z and m?
29
Let d be (4/(-12))/(4/(-48)). Suppose 0*k - 2*t = -k + 24, 0 = 4*k - d*t - 84. Calculate the highest common factor of 18 and k.
18
Let r be (-150)/(2/(-1)) - 2. Let z = -63 + r. Calculate the greatest common factor of 15 and z.
5
Let x = 1074 - 1016. Calculate the greatest common factor of 1334 and x.
58
Suppose -5*p + 30 = -3*p. Suppose -p + 57 = 6*o. Calculate the greatest common divisor of 7 and o.
7
Let j(b) = -19*b + 525. Let w be j(0). Calculate the highest common factor of 75 and w.
75
Suppose 13 = -6*q + 37. Calculate the highest common factor of q and 22.
2
Let d(l) = 31*l**2 - 8*l - 35. Let h be d(-4). Calculate the greatest common divisor of h and 34.
17
Suppose -286 = -4*c + g, -5*g = -4*c + 362 - 84. What is the greatest common divisor of c and 36?
36
Let n be -2*(6/(-4))/(4/(-12)). Let k = 67 - n. Calculate the greatest common factor of 19 and k.
19
Let t be (2 + 0)*-1 - 5. Suppose -2 - 4 = -6*p. Let r = p - t. What is the greatest common divisor of r and 2?
2
Suppose -18 = -g - 6. Let i be 572/18 - g/(-54). What is the highest common factor of i and 16?
16
Let m(f) = -f + 1. Let n be m(0). Let k(x) = -52*x**3 + 1 - 2*x + 159*x**3 + 1 + 123*x**3. Let i be k(n). What is the greatest common divisor of i and 23?
23
Let y(l) = 21*l**2 - 28*l + 7. Let z be y(-6). What is the greatest common divisor of z and 532?
133
Let x = -50 + 54. Let f be (-2)/x*6 + -3 + 29. What is the highest common factor of f and 184?
23
Suppose 0*a + v = 3*a - 229, 5*a - 405 = -3*v. Suppose 4969*x = 4968*x + 52. What is the highest common divisor of a and x?
26
Let i be 664 + (4/(-2))/((-26)/39). Suppose -213 = -4*k + i. Calculate the highest common factor of k and 20.
20
Let p(o) = -o**3 - 5*o**2 + 12*o - 3. Let k be p(-7). Suppose -2*z = -6*z + 4*f + 36, -5*f = 3*z - k. What is the greatest common factor of z and 70?
7
Let o = 68 - 52. What is the greatest common divisor of 2032 and o?
16
Suppose -20 = -4*p, 5*m = -2*p + 191 + 44. Calculate the highest common factor of 5 and m.
5
Let n = 31 - 27. Suppose 2*l = n*l - 4. Calculate the greatest common factor of 2 and l.
2
Let g(w) = w**3 + 12*w**2 + 32*w + 54. Let f be g(-8). Suppose -3*x = 3*a - a - 18, -5*a - 6 = -x. Calculate the greatest common divisor of x and f.
6
Let u = 1474 + -1383. What is the highest common divisor of 70 and u?
7
Let y(u) = -2*u. Let f be y(-5). Let m(c) = -c - 23. Let z be m(-33). What is the highest common divisor of f and z?
10
Let y be 4/6 - (-68)/6. Let l(k) = -k**3 - 17*k**2 - 15*k + 19. Let i be l(-16). Suppose -9*z + 8*z + i = 0. Calculate the highest common divisor of z and y.
3
Let g be ((-18)/15)/(2*2/(-10)). Calculate the greatest common divisor of g and 15.
3
Let q(z) = -203*z - 56. Let k be q(-7). What is the greatest common factor of 105 and k?
105
Let w be ((-33)/6)/((-2)/(-4)). Let m = -2 - w. Calculate the greatest common factor of m and 6.
3
Let d(x) = 47*x + 389. Let c be d(-7). Suppose -u + 3*g + 15 = 0, -3*u + 15 = -g + 2*g. Calculate the highest common factor of c and u.
6
Let c(r) = r + 8. Let a be c(-10). Let u be (a*25/(-3))/((-1)/(-6)). Calculate the highest common factor of u and 20.
20
Let y be -24*(-196)/21 - 4. What is the greatest common factor of y and 60?
20
Let o(h) = -10 - 2 + 11 - h**3 + 18*h + 12*h**2 + 17. Let y be o(13). Suppose -2*k + 10 = -8. Calculate the greatest common divisor of y and k.
9
Let d = -656 - -700. What is the greatest common factor of d and 484?
44
Suppose 9 = p - 3. Calculate the greatest common divisor of p and 9.
3
Let t(o) = -o**3 - 12*o**2 - o - 6. Let m be -8 - (-3)/(9/(-12)). Let v be t(m). Suppose -240 = v*y - 9*y. What is the greatest common divisor of 10 and y?
10
Let c be -6*(-8)/6*4. Let x = c - 24. What is the highest common factor of 40 and x?
8
Let f(m) = 2*m**3 - m**2 + 3*m - 4. Let l = -38 - -40. Let a be f(l). What is the greatest common divisor of a and 2?
2
Let p = -55 + 59. Let i be 0 + -2 + 13 + p. Calculate the greatest common divisor of i and 135.
15
Suppose 219 = 5*s - 5*r - 536, 4*r = s - 139. Let v be 2/9 + 277/9. Calculate the greatest common factor of s and v.
31
Let b = -40 - -78. Suppose -b*x + 34*x + 40 = 0. What is the greatest common factor of 25 and x?
5
Let l = 62 - 60. Suppose l*g = 2*x + 12, -2*x + 1 = -4*g + 21. Suppose -9 = u - 37. Calculate the greatest common divisor of g and u.
4
Suppose 0 = -d - 22 - 9. Let b = 1 - d. Let l be (276/138)/(1/24). Calculate the highest common factor of l and b.
16
Let k be 115/9 + 8/36. Suppose -468 = 12*q - 1248. What is the greatest common factor of k and q?
13
Suppose -g - 5*o = -3, 155*o = -4*g + 151*o + 12. Let m be -1*2 - -2 - -15. What is the highest common factor of m and g?
3
Suppose 3*n = -32 + 38. What is the greatest common divisor of 56 and n?
2
Let j be 4/26 - (-240)/130. Let x(v) = -2*v + 14. Suppose 0 = -2*o + 4*o. Let z be x(o). Calculate the greatest common factor of z and j.
2
Suppose -9*m + 7*m = -5*x + 1145, -2*x + 457 = -m. Let h be 1/(-3) - (-35)/15. Suppose 0 = -j - h*j + 99. What is the greatest common divisor of x and j?
33
Let f = 648 - 423. What is the highest common factor of f and 375?
75
Let q be (-3)/((-12)/152) - -4. Let l = 76 - q. Suppose 2*f + o - 32 = -0*o, o = 2*f - 36. What is the greatest common divisor of f and l?
17
Let x(t) = -20*t**3 - 19*t**2 + 36 + 5*t + 4*t + 19*t**3 + 7*t. Let k be x(-20). What is the highest common factor of 29 and k?
29
Let i(f) = f**2 - 122*f - 1575. Let l be i(-13). Let a = 13 + 23. Calculate the highest common factor of l and a.
36
Let v = 298 - 186. Calculate the greatest common factor of 70 and v.
14
Let m(o) = -4*o + 27. Let p be m(5). Calculate the highest common factor of p and 427.
7
Let d(k) = -2*k**2 + 41*k + 21. Let c be d(22). Let n be (c/12)/(1/(-4)). What is the greatest common factor of 165 and n?
15
Let o(g) = g - 7. Let p be o(-8). Let h = p + 25. Calculate the highest common divisor of 1 and h.
1
Let b = 83 - 106. Let n(y) = -10*y - 35. Let k be n(b). Calculate the greatest common divisor of k and 39.
39
Let t = -95 - -71. Let l be 1/((t/(-644))/6). Calculate the greatest common factor of 7 and l.
7
Let x(k) = -6*k - 6. Let d be x(-10). Suppose -4*s = 2*s - d. Suppose 2*z = 4*z - 2. What is the highest common divisor of s and z?
1
Let g(s) = s**2. Let c(r) = 15*r - 20. Let n(p) = -c(p) + g(p). Let f be n(14). Suppose 3*v - 7*v + 264 = 0. Calculate the highest common factor of f and v.
6
Let i be (120 - 125) + (-2 - -52). What is the greatest common factor of 50 and i?
5
Suppose -5*g = 5*o - 30, -4*g + 12 = 3*o - 9. Suppose -5*m = -2*m + o*p - 30, -15 = -3*p. What is the greatest common factor of 15 and m?
5
Suppose -13*c = 3*y - 11*c - 15, -y - 12 = -5*c. Suppose 144 = 3*t - 0*t. What is the greatest common factor of y and t?
3
Let i(d) = -60*d + 2. Let r be i(-3). Let j = 134 - 132. Suppose j*q - 104 = r. Calculate the greatest common factor of q and 13.
13
Let v = 184 - 51. Let d = v + -93. Calculate the highest common factor of 16 and d.
8
Let w be (-2 - (-588)/7) + -1 + -1. Let v = 75 + -51. Calculate the highest common divisor of w and v.
8
Let r be 9/4*572/13. Let z(v) = v**3 + 4*v**2 - 2*v - 4. Let p be z(-4). Suppose -m 